f p?
3, 359
Let s = 578 + -212. Suppose s = 3*v - v. List the prime factors of v.
3, 61
Let d = -418 - -964. Suppose -5*c + 11*c = d. List the prime factors of c.
7, 13
List the prime factors of (-4398)/(-11) + 3/(198/12).
2, 5
Let b(n) be the first derivative of -53*n**2/2 + 41*n + 33. List the prime factors of b(-5).
2, 3, 17
Let t = -4 + 20. Let q(h) = h**2 - 16*h + 46. List the prime factors of q(t).
2, 23
Suppose -8 = -5*o + 17. Suppose -o*x + 2*x = -189. Suppose -w + x = 2*w. What are the prime factors of w?
3, 7
Let f(a) = -a**3 - 16*a**2 + 13*a - 28. List the prime factors of f(-17).
2, 5
Let w(k) = -k**3 - 6*k**2 + 18*k + 12. Let j be w(-8). Let b(o) = -o**3 - 6*o**2 + 2*o. Let n be b(-6). List the prime factors of 1 + 16/j - n.
3
List the prime factors of 7*(11 + 27190/70).
2, 3, 233
Suppose -2*s = 4*m - 222, 0*s = m - 3*s - 52. Suppose -2*h = -351 + m. List the prime factors of h.
2, 37
Let p(d) = -d**2 - d + 2. Suppose -3*l - 5*q = -2*q - 15, -l - 5*q + 1 = 0. Suppose l*n = 11*n. What are the prime factors of p(n)?
2
Let a = -144 - -156. List the prime factors of a.
2, 3
What are the prime factors of 0*(-1)/2 + 9376/32?
293
Let m(t) = 14*t**2 + 33*t + 296. List the prime factors of m(-8).
2, 29
Suppose 0*h - 3*h - 3*y = -12, -5*y = -h + 16. Let r(i) = -i**3 + 116*i**2 - 9 + 4*i - 111*i**2 + 5*i. List the prime factors of r(h).
3
Suppose -3*j - 5 = -4*j - u, 17 = 4*j + 3*u. What are the prime factors of (14/(-35))/(j/(-370))?
2, 37
Let w(c) = c**3 - 6*c**2 + 6*c - 1. Let q be w(5). Let u be (-6)/(-8)*q + -1. Suppose u*o - 45 = 3*r + 26, -r = o - 23. What are the prime factors of o?
2, 7
Suppose 3*c - 18 = -4*y, y + 0*c + 3 = 3*c. Suppose -l - y = -6. Suppose -3*q - o + 55 = -29, l*q = 3*o + 84. What are the prime factors of q?
2, 7
List the prime factors of 4962/(-10)*(-60)/36.
827
Let o(r) = 5*r**3 - 2*r**2 - 13*r + 38. What are the prime factors of o(9)?
2, 23, 37
Let v be (-34)/(-10) - (-6)/(-15). Suppose -v + 5 = -l. What are the prime factors of 0 + 35 - (l - -4)?
3, 11
Let g = 55 + -56. List the prime factors of ((-3)/9 - g)*285/2.
5, 19
Suppose 9 - 66 = k. Let n = k - -105. What are the prime factors of n?
2, 3
Suppose -2*c = -15*c + 8294. What are the prime factors of c?
2, 11, 29
Suppose -4*x = -2*k - 34, -10 = k + 4*x + 1. Let n = k - -18. Suppose 2*o + n*v = 21, 0*o + 2*v - 24 = -2*o. What are the prime factors of o?
3, 5
Let n(f) = f**3 + 15 + 2*f**3 - 2*f**3 + 12*f**2 + f + 0*f**2. Let h be n(-12). Suppose 0*y = h*y - 27. What are the prime factors of y?
3
Suppose 2*y = 5*y + 36. Let m be 1/((20/y)/(-5)). Suppose m*q - 20 = -2*q, -g - 1 = -5*q. List the prime factors of g.
19
Suppose -3149 = -0*m - 5*m - 4*w, -2*m - 2*w + 1260 = 0. What are the prime factors of m?
17, 37
Suppose -4*i + 737 = -727. What are the prime factors of i?
2, 3, 61
Suppose -o + 4*j + 594 = 192, 3*o - 1146 = -3*j. What are the prime factors of o?
2, 193
Suppose -5*o + 5*h = 10, -37 = -3*o - o - 5*h. Suppose -o*s = -4*w + 33, 4*w - 9 = -0*w - 5*s. List the prime factors of 24/(-20)*(-45)/w.
3
Let n = -29 - -17. Let t = n + 122. Suppose -3*k = -5*f + t, -3*f + 0*f + 65 = -2*k. List the prime factors of f.
5
Suppose 0 = 2*b + 4 - 10. Suppose 0 = -6*c + 177 + b. What are the prime factors of c?
2, 3, 5
Suppose 80 = 5*y - 4*v, -5*v + 2*v = 0. List the prime factors of y.
2
Let l be ((-20)/(-6))/((-4)/(-6)). Suppose l*z = -5*q + 185, q = 3*z + 15 + 18. Suppose -2*a = 2*m - q, -2*a - 4*m + 23 = -5. What are the prime factors of a?
2, 11
Let i(c) = 11*c**2 + 9*c + 2. Let t(a) = -12*a**2 - 11*a - 3. Let r(p) = 4*i(p) + 3*t(p). What are the prime factors of r(1)?
2, 5
Let n be 187 + -1*(0 + 1). Let t = n + -93. What are the prime factors of t?
3, 31
Let v be (21/(-4))/(9/(-60)). Let l = v - 32. List the prime factors of 1/l - (-234)/27.
3
Suppose 3*v - 27 = -4*l, 0 = -v - l - 1 + 9. Suppose -2*p = 2*k - 192, -2*p = -5*p + v*k + 304. What are the prime factors of p?
2, 7
Let h(a) be the second derivative of a**4/12 - 5*a**3/3 + 6*a**2 - a. Let b be h(8). Let w = b + 32. What are the prime factors of w?
2, 7
Let f(q) = q**3 - 4*q**2 - 5*q + 10. List the prime factors of f(8).
2, 113
Let w be 259/3 + 3/(-9). Let j = -45 + w. List the prime factors of j.
41
Let i(y) = -2*y**2 + 10*y + 9. Let t be i(6). Suppose -5*q = -2*q + 18. List the prime factors of q/2 + (-183)/t.
2, 29
Let z(w) = -4*w**2 + 5*w - 5. Let r(n) = -n**2 + n - 1. Let s(o) = -18*r(o) + 4*z(o). List the prime factors of s(2).
2, 5
Suppose -5*w = -569 + 124. Let s = w + 52. What are the prime factors of s?
3, 47
What are the prime factors of (-13)/((-52)/(-17572))*-1?
23, 191
Suppose 18 + 32 = p. Suppose -13 = -2*n + 21. Let h = p - n. List the prime factors of h.
3, 11
Let v(s) = -s**2 + 3*s + 11. Let o be v(6). Let z(q) = q**2 - 6*q - 8. What are the prime factors of z(o)?
83
Let o = 14 - 4. Suppose -3*x + o = r, 3*x + 2*r = 7*x - 30. Suppose -150 + 40 = -x*i. List the prime factors of i.
2, 11
Let n(x) = 2*x + 11*x**2 + 13 + 5 - 31. What are the prime factors of n(-5)?
2, 3, 7
Let g(n) = 3*n**2 - 6*n - 4*n - 2*n**2. Let l be g(9). What are the prime factors of (0 + -1)/(l/225)?
5
Suppose -5*r + 985 = 3*k, -3*r = -13*k + 10*k + 1017. What are the prime factors of k?
5, 67
Let n = 1229 + -405. What are the prime factors of n?
2, 103
Let k(f) = 2*f - 19. Let j be k(5). Let i = 121 + j. What are the prime factors of i?
2, 7
Let g = 69 - 65. Suppose 0 = -g*o + 20*o - 2368. What are the prime factors of o?
2, 37
Let g = 60 + -56. Suppose 231 = g*j - j. List the prime factors of j.
7, 11
Let q(m) = -m**3 + 6*m**2 + 2*m + 3. Let a be (12 - 17)*7/(-5). Let f = 13 - a. List the prime factors of q(f).
3, 5
Let c(i) = -i**2 + 10*i - 5. Let t be c(9). Suppose t*q + v = 360, -180 = -2*q - 3*v + 2*v. Suppose -4*d = -d - q. List the prime factors of d.
2, 3, 5
Let u(i) = 32*i - 4. Let y be u(4). Suppose 3*g = -g - z + 21, 2 = 3*g - 2*z. Suppose 4*s - 2*b = -5*b + 117, g*s - 4*b - y = 0. List the prime factors of s.
2, 3, 5
Let f(l) = l**3 - 9*l**2 + l + 21. What are the prime factors of f(10)?
131
Let h(j) = j**2 - 9*j + 12. Let d be h(8). Let b = 9 - 0. Suppose 3*z = -p + 15, d*p = -b*z + 4*z + 39. List the prime factors of p.
2, 3
Let a(w) = -w**3 - 10*w**2 - 7*w - 10. Let o be a(-8). Let i = 30 + o. Let f = -37 - i. List the prime factors of f.
3, 5
Suppose -12*c + 1372 = 340. List the prime factors of c.
2, 43
Let w = -2440 + 3791. What are the prime factors of w?
7, 193
What are the prime factors of (-414)/(-6) - (-1 + 6) - -2?
2, 3, 11
Suppose 67*y - 72*y = -1025. Suppose y = 2*u - 223. List the prime factors of u.
2, 107
Let l(v) = -23 + v**2 + 20 + 13 + 6*v. Suppose 27 = -0*p - 3*p. What are the prime factors of l(p)?
37
Let k = -3040 + 6093. List the prime factors of k.
43, 71
Suppose 0*x = -4*x + 576. Suppose 0 = -4*z + 5*f + x, 3*z = -z - f + 144. What are the prime factors of z?
2, 3
Suppose 13 - 3 = m - 5*p, -4*m = p - 145. What are the prime factors of 6/(-15) - (-7714)/m?
2, 5, 11
Suppose -j = 5, -6*c = -5*c + 5*j - 1604. List the prime factors of c.
3, 181
Suppose -61679 = -30*b + 105271. What are the prime factors of b?
3, 5, 7, 53
Let c(j) = -32*j - 329. What are the prime factors of c(-16)?
3, 61
Suppose -9*a + 231 = -1443. Let c = -1 + 6. Suppose a = c*d - 34. List the prime factors of d.
2, 11
Suppose -5*c + 6*d = d - 3685, c = 4*d + 737. List the prime factors of c.
11, 67
Let j(c) = -7*c**2 + 32*c - 37. Let x(y) = 3*y**2 - 16*y + 18. Let b(r) = -2*j(r) - 5*x(r). List the prime factors of b(11).
3, 13
List the prime factors of 16/(-4) + 3*2 - -502.
2, 3, 7
Let x(h) = 495*h**3 - 6*h**2 - 11. Let v(q) = 99*q**3 - q**2 - 2. Let d(j) = -11*v(j) + 2*x(j). What are the prime factors of d(-1)?
2, 7
What are the prime factors of (-38065)/46*36/(-10)?
3, 331
Let i(y) = 588*y**2 - 8*y - 5. What are the prime factors of i(-1)?
3, 197
Let m = 152 - 340. List the prime factors of 6/(-10) - m/5.
37
Let z = 2 - 3. Let k be (3 - 2)/(3 - 39/12). What are the prime factors of k*z/12*27?
3
Let c(b) = -b + 21. Let t(w) be the first derivative of w**2/2 - 20*w - 4. Let v(m) = 4*c(m) + 3*t(m). What are the prime factors of v(10)?
2, 7
Suppose -2*l - v - 2*v = -6, -5*l = -4*v - 15. Suppose -l*a + 0*a = -24